or of 168925?
False
Is 128 a factor of 178306?
False
Does 44 divide 361592?
True
Is 146328 a multiple of 182?
True
Does 18 divide 5837022?
True
Is 195261 a multiple of 14?
False
Does 55 divide 163205?
False
Does 13 divide 771265?
False
Is 10850073 a multiple of 32?
False
Does 80 divide 12320?
True
Is 130 a factor of 1410319?
False
Is 3117 even?
False
Does 80 divide 309879?
False
Is 104 a factor of 145704?
True
Is 15 a factor of 4055538?
False
Does 14 divide 366338?
True
Does 9 divide 70169?
False
Is 191760 a multiple of 24?
True
Is 6 a factor of 1392309?
False
Is 277 a factor of 52630?
True
Does 2 divide 11423?
False
Does 92 divide 1231052?
True
Is 33 a factor of 1332870?
True
Is 202399 a multiple of 31?
True
Does 37 divide 53502?
True
Does 3 divide 29403?
True
Is 76 a factor of 1187279?
False
Is 3354 a multiple of 258?
True
Is 1551572 a multiple of 358?
True
Is 509711 a multiple of 17?
True
Does 16 divide 1292880?
True
Is 100 a factor of 188022?
False
Is 62 a factor of 323330?
True
Is 1515472 a multiple of 944?
False
Is 98 a factor of 8232?
True
Does 44 divide 329404?
False
Is 857595 a multiple of 4?
False
Does 9 divide 441945?
True
Does 839 divide 3581739?
False
Is 6502220 a multiple of 416?
False
Is 252771 a multiple of 118?
False
Is 7 a factor of 83559?
True
Does 10 divide 2715370?
True
Does 52 divide 4354528?
False
Is 748170 a multiple of 34?
True
Does 16 divide 127679?
False
Does 11 divide 4457706?
True
Is 5933016 a multiple of 36?
True
Does 32 divide 57800?
False
Is 1833215 a multiple of 19?
True
Does 36 divide 116064?
True
Does 5 divide 40435?
True
Is 65 a factor of 771386?
False
Is 30 a factor of 300419?
False
Is 4896042 a multiple of 6?
True
Is 72630 a multiple of 30?
True
Is 213876 a multiple of 117?
True
Is 899 a factor of 245427?
True
Is 91260 a multiple of 54?
True
Is 29820 a multiple of 4?
True
Is 1043647 a multiple of 17?
True
Is 40857 a multiple of 3?
True
Is 4685863 a multiple of 23?
False
Is 157532 a multiple of 189?
False
Is 15 a factor of 78825?
True
Does 16 divide 616336?
True
Is 102 a factor of 476992?
False
Is 84525 a multiple of 161?
True
Is 2 a factor of 20611?
False
Does 26 divide 188744?
False
Is 723788 a multiple of 449?
True
Is 42 a factor of 70137?
False
Does 23 divide 88318?
False
Is 633 a factor of 10342184?
False
Is 298835 a multiple of 59?
True
Is 3326235 a multiple of 1045?
True
Does 52 divide 254018?
False
Does 16 divide 1430380?
False
Is 80 a factor of 948597?
False
Is 2 a factor of 2466268?
True
Does 43 divide 4712585?
True
Is 3 a factor of 38073?
True
Is 263862 a multiple of 274?
True
Is 974709 a multiple of 17?
False
Is 8 a factor of 405454?
False
Is 1107 a factor of 9154890?
True
Does 71 divide 8060?
False
Does 320 divide 17783?
False
Is 159502 a multiple of 132?
False
Is 9161109 a multiple of 209?
False
Does 216 divide 110592?
True
Is 121 a factor of 729624?
False
Is 563 a factor of 593968?
False
Does 19 divide 190247?
True
Does 57 divide 366225?
True
Is 900 a factor of 373500?
True
Is 4 a factor of 3002468?
True
Does 56 divide 926296?
True
Is 226567 a multiple of 24?
False
Is 4 a factor of 241352?
True
Is 1651944 a multiple of 14?
True
Is 76 a factor of 63080?
True
Does 19 divide 424797?
False
Does 943 divide 7347937?
False
Is 14 a factor of 25914?
True
Does 35 divide 5763053?
False
Is 517 a factor of 5860195?
True
Is 814921 a multiple of 533?
False
Does 229 divide 284542?
False
Does 16 divide 30718?
False
Is 2903099 a multiple of 3?
False
Is 1439 a factor of 3411869?
True
Does 19 divide 2507259?
True
Does 3 divide 4044?
True
Does 223 divide 787860?
False
Does 291 divide 749616?
True
Is 3646348 a multiple of 42?
False
Is 11668974 a multiple of 8?
False
Is 54 a factor of 10530?
True
Is 21115684 a multiple of 149?
True
Does 15 divide 70140?
True
Does 204 divide 5763612?
True
Is 27073 a multiple of 4?
False
Does 12 divide 226489?
False
Is 5714448 a multiple of 272?
True
Does 86 divide 87538?
False
Is 4737976 a multiple of 188?
True
Is 217965 a multiple of 363?
False
Does 30 divide 87105?
False
Is 397 a factor of 23165047?
False
Is 7 a factor of 32935?
True
Does 2 divide 24125?
False
Is 313 a factor of 3744045?
False
Does 46 divide 35420?
True
Is 11 a factor of 649990?
True
Is 16 a factor of 13760?
True
Does 214 divide 770555?
False
Does 16 divide 711700?
False
Is 73 a factor of 6662053?
True
Is 152286 a multiple of 102?
True
Is 251 a factor of 208581?
True
Is 1234 a factor of 6935911?
False
Is 1720 a multiple of 26?
False
Is 47 a factor of 6033296?
True
Does 15 divide 9270?
True
Is 24 a factor of 122448?
True
Does 3 divide 328411?
False
Is 4161953 a multiple of 9?
False
Is 1037151 a multiple of 1148?
False
Does 16 divide 245861?
False
Is 370 a factor of 376660?
True
Does 77 divide 1027719?
True
Is 15884722 a multiple of 9?
False
Is 127 a factor of 56134?
True
Is 2060292 a multiple of 156?
True
Is 153 a factor of 180234?
True
Is 75 a factor of 6294408?
False
Is 44 a factor of 14140?
False
Does 25 divide 22820925?
True
Is 4771854 a multiple of 1059?
True
Does 9 divide 983358?
True
Is 47 a factor of 389818?
True
Does 410 divide 6503698?
False
Is 651246 a multiple of 37?
False
Is 352 a factor of 1806112?
True
Is 346 a factor of 112243?
False
Does 9 divide 861348?
False
Does 29 divide 3277423?
False
Is 140 a factor of 233940?
True
Does 10 divide 1148780?
True
Is 7128 a multiple of 162?
True
Does 19 divide 430369?
True
Is 192 a factor of 304691?
False
Is 1085663 a multiple of 23?
False
Is 1076 a factor of 1662049?
False
Does 12 divide 1595964?
True
Is 29115 a multiple of 2?
False
Is 295 a factor of 102070?
True
Is 108 a factor of 22095?
False
Is 4345320 a multiple of 980?
True
Is 124 a factor of 462644?
True
Is 10 a factor of 257224?
False
Is 250 a factor of 2430750?
True
Does 492 divide 3958632?
True
Is 565680 a multiple of 4?
True
Is 41174 a multiple of 7?
True
Is 94380 a multiple of 55?
True
Is 26 a factor of 115239?
False
Is 22385 a multiple of 37?
True
Is 184 a factor of 1472?
True
Does 352 divide 529056?
True
Is 72050 a multiple of 10?
True
Does 119 divide 1375761?
False
Is 59789 a multiple of 9?
False
Is 342 a factor of 1851789?
False
Is 6 a factor of 16430?
False
Does 230 divide 4427270?
True
Is 8542380 a multiple of 660?
True
Is 77 a factor of 9015160?
True
Is 195 a factor of 5675670?
True
Is 220950 a multiple of 150?
True
Does 333 divide 621102?
False
Does 3 divide 194094?
True
Does 87 divide 5440341?
False
Is 9 a factor of 7872?
False
Is 18000 a multiple of 16?
True
Is 6567729 a multiple of 17?
True
Is 2133474 a multiple of 158?
True
Does 35 divide 220988?
False
Is 806844 a multiple of 24?
False
Is 24 a factor of 3634405?
False
Is 403 a factor of 1370603?
True
Is 909909 a multiple of 9?
True
Does 6 divide 47722?
False
Is 66357 a multiple of 101?
True
Is 132204 a multiple of 6?
True
Does 10 divide 15193?
False
Is 38 a factor of 706521?
False
Does 11 divide 375320?
True
Does 423 divide 42723?
True
Is 15521036 a multiple of 1267?
False
Is 7 a factor of 76241?
False
Does 21 divide 3067500?
False
Is 105 a factor of 163467?
False
Does 77 divide 373518?
False
Is 13 a factor of 38428?
True
Is 5 a factor of 122995?
True
Is 121 a factor of 132495?
True
Does 523 divide 144741?
False
Does 101 divide 2514698?
True
Is 3928320 a multiple of 1760?
True
Is 104 a factor of 7866352?
True
Is 8440 even?
True
Does 24 divide 7715112?
True
Is 1769799 a multiple of 13?
False
Does 44 divide 132176?
True
Is 55 a factor of 120557?
False
Is 131920 a multiple of 68?
True
Is 2467363 a multiple of 23?
False
Does 62 divide 589224?
False
Is 46332 a multiple of 143?
True
Is 1277 a factor of 885286?
False
Does 70 divide 913686?
False
Is 31418342 a multiple of 458?
True
Does 84 divide 191969?
False
Is 158844 a multiple of 14?
True
Is 13 a factor of 1785?
False
Is 147840 a multiple of 21?
True
Does 4 divide 126582?
False
Is 39 a factor of 1397253?
True
Does 16 divide 9424?
True
Does 360 divide 1930645?
False
Does 13 divide 451806?
False
Does 80 divide 3958106?
False
Does 57 divide 5814351?
False
Is 7136520 a multiple of 106?
False
Does 9 divide 1652564?
False
Is 67 a factor of 440994?
True
Is 17748 a multiple of 174?
True
Does 429 divide 4878159?
True
Is 18058892 a multiple of 51?
False
Is 159179 a multiple of 4?
False
Is 2 a fact